*3 + 8*t**2 - 4*t - 2. Give y(1).
-2
Let o(m) = -m**2 - 78*m + 157. What is o(2)?
-3
Let q(x) = 2*x**2 - 31*x - 20. What is q(14)?
-62
Let k(v) = 2*v**2 - 16*v + 2. What is k(8)?
2
Let y(i) = -i**2 + 3*i + 6. Calculate y(-6).
-48
Let u(f) = 6*f**2 - 5*f + 3. Calculate u(3).
42
Let m(s) = -s**3 - 3*s**2 - 2*s - 1. Calculate m(-4).
23
Let h(d) = 2*d - 14. Determine h(6).
-2
Let t(z) = -z**3 + 23*z**2 - 22*z + 10. What is t(22)?
10
Let i(s) = -22*s - 125. Give i(-6).
7
Let a(b) = -94*b - 3. Give a(-1).
91
Let i(t) = -t**2 - 20*t - 58. Give i(-4).
6
Let m(g) = 8*g - 27. Determine m(8).
37
Let d(o) = 3*o**2 + 9*o + 26. Calculate d(-2).
20
Let x(s) = -s**2 + 114*s + 348. Determine x(-3).
-3
Let h(p) = p**2 - 10*p - 30. What is h(13)?
9
Let a(c) = -c**3 - 4*c**2 + 15. Determine a(-4).
15
Let s(i) = i**3 + 9*i**2 + 8*i - 13. Determine s(-7).
29
Let s(n) = -n**2 + 4*n - 4. Determine s(2).
0
Let a(w) = -5*w + 41. What is a(13)?
-24
Let k(t) = -2*t**2 + 63*t - 153. Calculate k(29).
-8
Let y(g) = 30*g**2 + g + 1. What is y(-1)?
30
Let x(z) = z**3 - 5*z**2 + 4. Calculate x(5).
4
Let v(f) = 2*f**3 - f**2 + 2*f + 27. Calculate v(0).
27
Let v(l) = 12*l - 172. Calculate v(15).
8
Let i(j) = 5*j**2 - 5*j + 6. What is i(2)?
16
Let g(n) = n**3 + 6*n**2 + n + 2. Give g(-5).
22
Let z(v) = 2*v - 12. Calculate z(12).
12
Let g(x) = x**3 + 6*x**2 - 27*x - 11. Calculate g(-9).
-11
Let o(n) = -16*n**3 + 2*n**2 - 2. Give o(-1).
16
Let a(q) = -2*q + 5. Calculate a(-8).
21
Let t(k) = -9*k + 17. Give t(6).
-37
Let u(y) = -y**2 + 2*y - 11. Calculate u(0).
-11
Let k(w) = -w**3 - 9*w**2 - 5*w + 10. What is k(-8)?
-14
Let r(x) = -3*x**2 - 3*x - 2. Give r(-2).
-8
Let z(t) = t - 10. Determine z(12).
2
Let d(x) = -x**2 + 8*x - 10. Determine d(7).
-3
Let d(y) = -y**2 - y + 1. Calculate d(-4).
-11
Let u(d) = -37*d + 4. Calculate u(2).
-70
Let a(q) = -2*q - 5. Calculate a(-8).
11
Let c(o) = -5*o + 51. Give c(7).
16
Let v(q) = 238*q**3 - q**2. Give v(-1).
-239
Let m(f) = -f - 7. Determine m(-14).
7
Let o(m) = -m**3 + 6*m + 14. What is o(0)?
14
Let g(v) = 14*v - 20. Calculate g(1).
-6
Let n(i) = 6*i + 1. What is n(5)?
31
Let p(n) = -3*n**3 + 18*n**2 - 6*n - 11. Give p(6).
-47
Let h(g) = g**3 - 6*g**2 + 5. Give h(6).
5
Let t(c) = -c**3 + 2*c**2 + c - 3. Give t(4).
-31
Let q(x) = -x - 22. Give q(-4).
-18
Let b(y) = -14*y - 23. Determine b(-8).
89
Let q(a) = -a**2 + 3*a + 4. What is q(-3)?
-14
Let a(h) = 5*h**2 + 2*h. Calculate a(-2).
16
Let m(h) = 10*h + 22. Calculate m(-5).
-28
Let r(l) = 5*l + 171. Give r(-33).
6
Let y(z) = z**3 - 19*z**2 - 44*z + 44. What is y(21)?
2
Let x(h) = h**3 + 8*h**2 + 3*h - 11. Give x(-7).
17
Let v(p) = -2*p**3 - 13*p**2 - 20*p - 8. What is v(-4)?
-8
Let c(m) = m**3 + 6*m**2 - 28*m - 13. What is c(-9)?
-4
Let i(q) = q**3 - 7*q**2 + q - 6. Determine i(7).
1
Let u(m) = -m + 5. Determine u(-6).
11
Let x(s) = -s + 79. What is x(20)?
59
Let a(u) = -191*u + 9. Determine a(0).
9
Let o(d) = 14*d**2 - 3*d + 2. Give o(2).
52
Let k(g) = -g**3 + 7*g**2 + 11*g - 2. What is k(8)?
22
Let u(c) = -2*c + 1. What is u(19)?
-37
Let k(n) = -n**3 + 35*n**2 + 38*n - 80. Give k(36).
-8
Let z(u) = u**2 - 9*u - 16. Determine z(-6).
74
Let z(j) = -j**3 + 15*j**2 + 16*j - 238. Determine z(15).
2
Let n(t) = 7*t - 1. Calculate n(2).
13
Let x(o) = -5*o + 5. Determine x(5).
-20
Let o(p) = 8*p - 182. Give o(23).
2
Let t(f) = f**3 + 18*f**2 - 15*f + 19. What is t(-19)?
-57
Let p(v) = -v - 16. Give p(-9).
-7
Let g(d) = -d**2 - 9*d + 27. Determine g(-11).
5
Let j(z) = -19*z**2 + 9*z + 4. Calculate j(-1).
-24
Let j(h) = -h**2 + 5*h - 2. Determine j(5).
-2
Let d(v) = 6*v + 5. Calculate d(5).
35
Let t(z) = -z**3 - 7*z**2 + 4*z - 6. Determine t(-8).
26
Let q(a) = a**2 + 18*a - 10. What is q(-15)?
-55
Let l(d) = 30*d - 116. Give l(4).
4
Let s(g) = 2*g**2 + 8*g + 2. Calculate s(-3).
-4
Let f(v) = v**2 + 9*v + 16. What is f(-8)?
8
Let w(f) = -2*f**3 - 2*f**2 + 5*f + 2. What is w(2)?
-12
Let i(u) = 57*u + 571. What is i(-10)?
1
Let l(r) = -5*r**2 - 15*r - 6. Calculate l(-6).
-96
Let b(y) = -y**3 - 5*y**2 - 2*y - 1. What is b(-4)?
-9
Let q(j) = -3*j. Determine q(9).
-27
Let g(t) = 7*t**2 + 19*t - 3. Give g(-3).
3
Let d(w) = 2*w**3 + 18*w**2 - w - 27. Determine d(-9).
-18
Let i(j) = -3*j + 23. What is i(8)?
-1
Let k(p) = -4*p**2 - 2*p - 1. Determine k(-1).
-3
Let k(t) = t**2 + 14*t - 30. What is k(-15)?
-15
Let p(i) = i**2 - 5*i - 4. Give p(3).
-10
Let a(u) = -6*u**3 - 4*u**2 - 3*u - 1. Give a(-1).
4
Let s(o) = -2*o**3 + 13*o**2 + 10*o - 5. What is s(7)?
16
Let w(i) = 5*i + 156. What is w(-35)?
-19
Let n(y) = -y + 13. Determine n(-7).
20
Let x(l) = -5*l - 44. Calculate x(-9).
1
Let f(i) = 61*i + 313. Determine f(-5).
8
Let x(h) = -15*h - 546. Give x(-38).
24
Let w(o) = -11*o**2 + o + 1. Determine w(2).
-41
Let m(u) = 21*u + 22. What is m(-1)?
1
Let w(v) = -v**3 + 5*v**2 - 3*v. What is w(3)?
9
Let q(j) = -j**3 - 3*j**2 + 35*j - 94. What is q(3)?
-43
Let g(s) = -7*s + 8. Calculate g(1).
1
Let f(u) = -17*u**2 - 2*u - 1. What is f(-1)?
-16
Let s(c) = c**3 + 5*c**2 + c - 1. Give s(-5).
-6
Let j(x) = -3*x - 6. What is j(4)?
-18
Let w(k) = 21*k + 24. Determine w(-1).
3
Let k(l) = -2*l**3 - 4*l**2 - l - 3. Give k(-3).
18
Let f(j) = -j**2 + j + 14. Give f(-6).
-28
Let h(q) = -q**2 + 14*q - 23. Give h(8).
25
Let q(n) = -10*n - 218. What is q(-20)?
-18
Let u(v) = -6*v**3 + v**2 - 4*v - 3. Calculate u(-2).
57
Let v(l) = -4*l + 2. Calculate v(2).
-6
Let p(t) = 5*t + 13. Determine p(-5).
-12
Let l(o) = o**2 - 8*o - 11. Calculate l(8).
-11
Let l(j) = 3*j + 19. Give l(-6).
1
Let p(h) = -4*h**2 - 9*h + 8. Give p(1).
-5
Let x(r) = -r**2 + 11*r - 15. Determine x(6).
15
Let c(y) = 4*y + 38. Determine c(-7).
10
Let s(z) = -4*z - 20. What is s(-4)?
-4
Let x(t) = t**3 - 2*t**2 + 2*t - 7. Give x(3).
8
Let l(w) = -2*w**2 + 2. What is l(3)?
-16
Let f(v) = -v**3 - 3*v**2 + 5*v + 1. Give f(2).
-9
Let c(u) = -u**2 - 20*u - 75. Give c(-6).
9
Let j(r) = -5*r - 180. What is j(-40)?
20
Let l(p) = p**2 - 10*p + 3. What is l(8)?
-13
Let a(z) = z**3 - 9*z**2 - 95*z - 25. Calculate a(-6).
5
Let x(l) = l**3 + 11*l**2 + 9*l + 12. What is x(-11)?
-87
Let l(m) = -m**2 + 6*m - 11. What is l(10)?
-51
Let x(n) = 8*n - 11. Calculate x(7).
45
Let x(n) = n**2 - 7*n - 13. Give x(7).
-13
Let k(a) = 7*a + 36. Calculate k(-6).
-6
Let y(x) = 2*x**3 - 2*x**2 - x - 1. Give y(-2).
-23
Let j(o) = -o**3 - 4*o**2 + o + 9. What is j(-4)?
5
Let i(o) = -o**2 + 11*o - 5. Calculate i(4).
23
Let h(k) = 5*k**2 - 14*k - 4. Calculate h(4).
20
Let p(m) = -m**3 - 6*m**2 + 33*m + 17. What is p(-9)?
-37
Let m(g) = -5*g + 11. Determine m(12).
-49
Let q(t) = -3*t - 15. Determine q(-16).
33
Let t(u) = u**3 + 5*u**2 - 6*u + 2. What is t(-5)?
32
Let c(k) = -k**3 + 7*k**2 + 9*k - 4. Give c(8).
4
Let j(g) = 3*g + 15. What is j(-4)?
3
Let r(y) = 12*y**2 - y. Determine r(-2).
50
Let z(d) = -d**2 - 12*d + 3. What is z(-14)?
-25
Let i(d) = -d**2 + 16*d - 18. Give i(13).
21
Let w(r) = r + 2. What is w(-6)?
-4
Let w(x) = x**3 + 59*x**2 - 57*x + 172. Give w(-60).
-8
Let x(f) = f**3 - 13*f**2 + 10*f - 2. Determine x(12).
-26
Let u(h) = h. What is u(-3)?
-3
Let m(b) = 11*b + 8. What is m(-7)?
-69
Let l(o) = -o - 13. Determine l(-15).
2
Let q(r) = -r**2 + 17*r + 13. What is q(17)?
13
Let m(n) = n**3 - n**2 - 8*n + 7. Determine m(-6).
-197
Let u(l) = l**3 + 10*l**2 - 9*l + 12. Give u(-11).
-10
Let d(q) = 26*q + 30. Calculate d(-6).
-126
Let m(a) = -5*a - 1. Calculate m(6).
-31
Let h(m) = 57*m - 218. Calculate h(4).
10
Let p(y) = y**3 - 13*y**2 + 3*y - 38. Give p(13).
1
Let v(z) = z**3 - 6*z**2 + 3*z + 2. Determine v(6).
20
Let y(m) = -3*m**2 - 19*m - 8. Give y(-6).
-2
Let t(w) = w**2 - 10*w + 27. Determine t(4).
3
Let h(p) = -p**2 + 9*p - 22. Give h(6).
-4
Let h(i) = -6*i**3 - 3*i**2 - i + 4. What is h(-2)?
42
Let j(a) = -a**3 - 8*a**2 + 2*a + 75. Determine j(-7).
12
Let i(c) = -c + 3. Calculate i(5).
-2
Let u(m) = -m**3 + 5*m**2 - m + 4. Calculate u(5).
-1
Let i(z) = 27*z**3 - z**2 - z + 1. Calculate i(1).
26
Let d(m) = -2*m**2 - 27*m - 90. Give d(-5).
-5
Let t(h) = h**3 - 9*h**2 - 9*h - 11. Calculate t(10).
-1
Let j(a) = a**3 + 7*a**2 + a + 5. Calculate j(-7).
-2
Let z(k) = -k**2 + k + 3. Determine z(3).
-3
Let s(x) = -x**3 + 25. Determine s(0).
25
Let k(q) = 2*q**3 - 9*q**2 + q + 19. C